- 5 = 12, 0 = -2*x - 4. List the prime factors of -16*((q - c) + -3).
2
Suppose -1467 = 9*t - 22131. List the prime factors of t.
2, 7, 41
Suppose 0 = 6*i - 1437 - 3447. What are the prime factors of i?
2, 11, 37
Let g = 1832 - 659. List the prime factors of g.
3, 17, 23
Suppose -18 = -5*i + 4*d + 57, 5*i = -3*d + 40. Let x be (2 - i)*(-24)/9. Suppose 5*b = -0*k - 5*k, 2*k - 4*b - x = 0. What are the prime factors of k?
2
Let n(l) = -4*l - 4. Suppose -4*o + 6 = -5*o. List the prime factors of n(o).
2, 5
Suppose -5*a = 5*f - 5970, 1185 = 4*a - 3*a - 2*f. What are the prime factors of a?
3, 397
Let v(d) = d**3 - 5*d**2 - 17*d + 24. Let y be v(7). Suppose -362 = -2*g + 2*u, -u - 434 = -y*g + 105. List the prime factors of g.
179
Suppose 28*n - 6*n = 9218. What are the prime factors of n?
419
List the prime factors of 13210/(-4)*(-14 + 330/25).
2, 1321
Let f be (-2)/8*(-1 + -1)*-2. Let s(x) = 70*x**2 - 1. What are the prime factors of s(f)?
3, 23
Suppose -15*h + 7769 = -12*h - 2*z, -4*h = -4*z - 10364. What are the prime factors of h?
13, 199
Let o = 2 + -2. Suppose o = 2*z + 28 + 56. Let j = -29 - z. What are the prime factors of j?
13
Suppose 4*a - 3*w - 2361 = -0*w, -2*a + 4*w + 1188 = 0. List the prime factors of a.
2, 3, 7
Suppose -5*p = -q + 5*q - 76, 0 = 5*q - 20. Let w be (-12)/(-32)*p*10. List the prime factors of 25*(-12)/w*-9.
2, 3, 5
Let q(n) = -2*n + 438. Let d be q(0). Let w = -254 + d. What are the prime factors of w?
2, 23
Suppose 6*g - 3756 = 1956. List the prime factors of g.
2, 7, 17
Let s(f) = f**3 + 5*f**2 + 5*f - 5. Let a be s(-5). Let z = -48 + 40. What are the prime factors of (z/4)/(3/a)?
2, 5
Let c be 4 + -1 - 4*-1. Let m(s) = 38*s - 22. Let d be m(c). Suppose -d + 31 = -3*k. What are the prime factors of k?
71
Let w(c) be the second derivative of 13*c**5/20 + c**4/6 - c**2/2 - 9*c. What are the prime factors of w(1)?
2, 7
Suppose 3*p - 18 = f, -72 = 3*f + f + p. Let y = f - -21. Suppose y*n - 68 = 7. What are the prime factors of n?
5
Suppose 0 = 2*n + 19 + 7. Let g = n - -47. Let m = g - -16. List the prime factors of m.
2, 5
Let g(f) = 2*f**3 - 13*f**2 - 4*f - 63. List the prime factors of g(10).
3, 199
Let j(k) = 4*k + 157. List the prime factors of j(56).
3, 127
Suppose 6 = 2*r - 12. List the prime factors of r.
3
Suppose -33 = 2*t - 21. Let g(w) = 6*w**2 + 9*w + 20. List the prime factors of g(t).
2, 7, 13
Let k = -166 + 61. Let f = 141 + k. List the prime factors of f.
2, 3
Let a = 28 - 25. Let j(k) = k**2 - 5. Let p be j(a). Suppose -p*u - 25 - 38 = -m, 2*u + 63 = m. What are the prime factors of m?
3, 7
Suppose 4*h + 357 = -2*x - h, -5*x + h = 825. Let w = x - -89. Let g = -55 - w. List the prime factors of g.
2, 11
Suppose v + 4 = 0, 0*j - 3*j = 2*v + 251. Let z = 117 + j. What are the prime factors of z?
2, 3
Let d = 1097 - -499. List the prime factors of d.
2, 3, 7, 19
Suppose 8*a - 3*a = 4*x + 1189, 0 = -2*a - 4*x + 498. What are the prime factors of a?
241
Let n(h) = h**3 + 27*h**2 - 31*h + 29. What are the prime factors of n(-25)?
2, 13, 79
Suppose -2*g + 3*f = -221, 3*g + 67 = f + 402. Let o = g + -64. What are the prime factors of o?
2, 3
Let m(t) = -t**2. Let y(z) = -15*z**2 - 1. Let v(f) = -5*m(f) - y(f). Let x be v(1). Suppose -4*w = -7*w + o + 19, o = -2*w + x. List the prime factors of w.
2
Let h(n) = 2*n**2 - 5*n. Let j(g) = -g**2 + 3*g. Let s(i) = -2*h(i) - 5*j(i). Let t(k) = 36*k + 333. Let w be t(-9). List the prime factors of s(w).
2, 3
Let l(j) = 3*j + 1708*j**2 - 3413*j**2 - 2*j + 19 + 20 + 1706*j**2. Suppose 4*q - 3*b = 3, 0*q = q + 2*b + 2. What are the prime factors of l(q)?
3, 13
Let t = -14 + 53. What are the prime factors of t?
3, 13
Suppose 66 = 3*u + 6. Let d(a) = -a**3 + 19*a**2 + 23*a - 11. What are the prime factors of d(u)?
7
Suppose 37*g + 871 = q + 42*g, 4*q + 2*g - 3538 = 0. List the prime factors of q.
2, 443
Let a = 38 + 109. What are the prime factors of a?
3, 7
Let v(d) = 2*d**2 + 5*d - 3. Let a be (2/(-5))/((-1)/(-10)). Let m be v(a). What are the prime factors of ((-10)/(-6))/(3/m)?
5
Let r(a) = 14*a + 1484. List the prime factors of r(0).
2, 7, 53
Suppose 4*c + 17*a - 12288 = 13*a, 5*a - 3088 = -c. What are the prime factors of c?
2, 13, 59
Let h(x) = -7*x + 14. Let f be h(5). List the prime factors of (112/f)/((-4)/6).
2
Suppose -417*j + 420*j = 375. What are the prime factors of j?
5
Let q(v) = -9 + 23*v + v**2 - v**2 - 2*v**2 + v**2. What are the prime factors of q(21)?
3, 11
Let s be ((-1)/1)/(3/(-6)). What are the prime factors of s/(-6) - 5/(60/(-148))?
2, 3
Let a be (-219)/(-12) - (-3)/(-12). Let n be (-313)/(-9) + 4/a. Suppose 5*p - n = 5*x, -2*p - 2*x + 0*x = 2. What are the prime factors of p?
3
Let o be ((-8)/14)/((-3)/21*2). Suppose 385 = 13*l - o*l. What are the prime factors of l?
5, 7
Let r(d) be the first derivative of d**4/4 + 22*d**3/3 - 7*d**2/2 - 37*d + 9. What are the prime factors of r(-22)?
3, 13
Suppose v - u - 2934 = 0, -v + 3233 - 303 = 3*u. List the prime factors of v.
7, 419
Suppose t + 2*t - 4*h = 10, 4 = -4*h. Suppose -n - 265 = -3*x - t*n, 5*n - 20 = 0. What are the prime factors of x?
3, 29
Let v(i) = -i**2 - 10*i + 3. Let l be v(-10). Suppose x - 56 - 129 = -2*q, l*x - q = 527. What are the prime factors of x?
3, 59
What are the prime factors of (-48)/((-396)/78 - -5)?
2, 3, 13
Let r be (2/6)/((-5)/(-405)). Suppose r = -w + 123. What are the prime factors of w?
2, 3
Let k be (-170 - 0) + (4 - (8 + -2)). Let p = -98 - k. List the prime factors of p.
2, 37
Let p = 2554 - 1651. What are the prime factors of p?
3, 7, 43
Let h(q) = 5*q**3 - 2*q**2 + q - 4. Let n be h(-3). Let t = 240 + n. What are the prime factors of t?
2, 5
Let h(g) be the first derivative of 5*g**2 + 10*g + 101. Let i = 16 + -11. List the prime factors of h(i).
2, 3, 5
Suppose -4*b - 31 = -3. Let d(c) = -c**2 - 10*c - 19. What are the prime factors of d(b)?
2
Suppose -3*t + 517 + 311 = n, 0 = -t + 4. What are the prime factors of n?
2, 3, 17
Let i be 4 + (-55)/(-5) + 0. Suppose -y = -i - 19. What are the prime factors of y?
2, 17
Let c(o) = 2*o - 48 + o**2 + 107 - 4*o - 50. List the prime factors of c(13).
2, 19
Let t = -1 + 5. Let o = t + 1. Suppose -o*p = -7*p + 12. List the prime factors of p.
2, 3
Suppose 2*i = 5*t - 2906, -1522 + 377 = -2*t - 5*i. List the prime factors of t.
2, 5, 29
Suppose -4*a - 173 = -s + 108, a + 3 = 0. What are the prime factors of s?
269
Suppose 4*b = b + 15. Suppose -b*u + 5 = 0, 4*f = 3*f + 3*u + 27. What are the prime factors of f?
2, 3, 5
Suppose -p - r + 83 = 0, -2*r - 77 = 2*p - 3*p. What are the prime factors of 2/4*-2 + p?
2, 5
What are the prime factors of (1971/(-18))/((-9)/24)?
2, 73
Suppose -2*b - 3*b + 4*p + 4275 = 0, -4*p = -b + 871. List the prime factors of b.
23, 37
Suppose -m + 4 = -0. Suppose 3*r - 10 = -m*a, 3*r - 15 = -a + 1. List the prime factors of 9/r*12/9.
2
Let c = -223 - -456. Let a = 327 + -480. Let r = a + c. List the prime factors of r.
2, 5
Let d(u) = -u**2 + 10*u + 5. Let o be d(10). Suppose o*n - 148 - 46 = 2*j, 0 = -n + 3*j + 31. What are the prime factors of n?
2, 5
Let h be (-76)/3 - (-4)/3. List the prime factors of (-2283)/h + 0 + (-4)/32.
5, 19
Suppose -8*o = -2439 - 3577. List the prime factors of o.
2, 47
List the prime factors of (-6385)/(-25) + (-12)/30.
3, 5, 17
What are the prime factors of (4 - 3 - 5) + -1 - -2299?
2, 31, 37
Suppose -114 = -3*g + 144. Let m = g - 1. List the prime factors of m.
5, 17
Let i(w) be the second derivative of -1/12*w**4 - 2*w**2 - 5*w - 4/3*w**3 + 0. What are the prime factors of i(-6)?
2
List the prime factors of 5/(-30) + (-1723)/(-6) + 5.
2, 73
Let n(k) = 28*k - 29. Let y be n(8). Let v = -111 + y. List the prime factors of v.
2, 3, 7
Let c be (0 + 0)/(-2 + -1). Suppose c*s = -4*s. Let l(p) = p + 14. List the prime factors of l(s).
2, 7
Let z(r) = r**2 + 8*r. Let d be 24/3 + -4 + -13. Let s be z(d). Let i(j) = j**2 - 5*j + 7. List the prime factors of i(s).
43
Suppose -3*i + 3 + 9 = 3*b, 0 = 4*b - 5*i - 16. Let v = 8 - b. Suppose 10 = 2*y + 5*g, 3*g - v*g = y - 11. List the prime factors of y.
3, 5
List the prime factors of (-16977)/(-5) + (-51)/(-85).
2, 3, 283
Suppose -2*c + u + 58 = 0, -7*u - 151 = -5*c - 3*u. List the prime factors of c/12*8*3.
2, 3
Suppose 0 